ne l(5).
4
Let p be (-9)/(-2)*(0 - 6). Let d = 25 + p. Let l(s) = s**2. What is l(d)?
4
Suppose -4*r - 5 + 9 = 0. Let z(l) = -l**3 + 2*l**2 - l. Determine z(r).
0
Let m(n) = -n**3 - n**2 - n - 4. Let o(l) = l**2 + 13*l. Let d be o(-13). What is m(d)?
-4
Let a(m) be the second derivative of -m**4/12 + m**3/2 - 2*m**2 + 9*m. What is a(3)?
-4
Let m be (1 - 31)/(2 + -4). Let x = -12 + m. Let b(l) = -l**3 + 5*l**2 - 5*l + 4. Calculate b(x).
7
Let l = 0 - -2. Suppose 2*k - i + l*i = 11, -2*i + 12 = 2*k. Let p(f) = -f + 1. Give p(k).
-4
Let w = -171 - -166. Let v(m) = -m**3 - 5*m**2 - 6. Calculate v(w).
-6
Let f be (-21)/5 + (-1)/(-5). Let g = 4 + f. Let t(n) be the first derivative of -n**4/4 - n**3/3 + n**2/2 - 2*n + 4. What is t(g)?
-2
Suppose d + 1 = -d + 3*z, 5*d = 5*z - 10. Let y(k) = 2*k - 5. Determine y(d).
-15
Let i(j) = 6*j**2 - j + 4. Let w(k) = -6*k**2 + 2*k - 4. Let x(f) = 4*i(f) + 3*w(f). Let v(z) = 1. Let b(d) = 3*v(d) - x(d). Calculate b(-1).
-5
Let i be 4/(3 + -1)*-1. Let v = 3 + i. Let o(j) = -5*j - 3. Let p(u) = 56*u + 34. Let l(b) = 68*o(b) + 6*p(b). Calculate l(v).
-4
Let p(v) = -6*v**2 + 3*v**3 - 3*v - 2*v**3 + 5*v - 3*v. What is p(6)?
-6
Let r(l) be the second derivative of l**8/840 - l**7/1260 + l**6/720 - l**4/4 - 3*l. Let p(h) be the third derivative of r(h). Let n = 1 + 0. Determine p(n).
7
Let r = -2 + 7. Let h(g) = -g**2 + 3*g + 1. Let s(l) = -l**2 + 2*l + 1. Let q(w) = r*h(w) - 6*s(w). What is q(-3)?
-1
Let v = 5 + -9. Let j = v + 6. Let l(i) be the third derivative of i**4/12 - i**3/3 - 3*i**2. Calculate l(j).
2
Let v(i) = 2 - 26*i + 4 - 37*i + 64*i. What is v(-5)?
1
Let j = -19 + 24. Let h(k) = j - 1 - 5 - 2*k. Calculate h(-3).
5
Let k(i) be the third derivative of i**4/24 - i**3/3 + 3*i**2. Let x be k(6). Let f(y) = -y**3 + 3*y**2 + 4*y - 5. Determine f(x).
-5
Suppose 0 = -r - 0 + 2. Suppose f = -4*a + 11, 0 = -4*a + r*f - 4*f + 10. Suppose 0*v + 2*p = 2*v, -v = -a*p - 6. Let m(k) = -k**2 - 5*k - 4. Calculate m(v).
2
Let y(x) be the second derivative of 2*x**2 + 1/12*x**4 + 4*x + x**3 + 0. Determine y(-3).
-5
Let u(s) be the first derivative of s**4/4 - 14*s**3/3 + s + 4. Let a be u(14). Let t(z) = 2 + 2*z**2 + z**2 - 1. What is t(a)?
4
Let f(i) = 8*i**2 - 9*i**2 - 3 + 2 + i. Give f(3).
-7
Let t(w) = -w**2 + 1. Let x(i) = -6*i - 5. Let p(y) = t(y) - x(y). What is p(6)?
6
Let o(f) be the third derivative of -f**6/120 - f**4/24 - f**3/3 + 7*f**2. Let a = -2 + 2. What is o(a)?
-2
Let f(h) = -h + 1. Let s be f(9). Let i = 14 + s. Let g(l) = l**3 - 5*l**2 - 5*l - 7. Determine g(i).
-1
Let l(s) = -13*s**3 - s**2 - 13*s + 16. Let d(o) = -15*o**3 - 2*o**2 - 14*o + 17. Let b(x) = -6*d(x) + 7*l(x). Determine b(4).
-2
Let k(m) = -3*m - 1. Let o be 3/(-6)*1*-10. Suppose -3*n + 15 = -3*p, -p + o*p + 14 = 2*n. Determine k(p).
5
Let h(b) be the third derivative of b**9/60480 + b**8/4032 + b**7/5040 - b**6/360 + b**5/10 - 7*b**2. Let y(g) be the third derivative of h(g). Calculate y(-4).
10
Let y(o) = o**2 + 16*o + 17. Let r be y(-15). Let i(f) be the first derivative of 6*f + 1/2*f**2 - r. Calculate i(-3).
3
Suppose -u - 3*u = -24. Let a(w) = w**2 - 6*w. Determine a(u).
0
Suppose q - 15 - 1 = -2*k, 4*k + 3*q - 36 = 0. Let y(m) = -1 - 3 + 3*m + k. Determine y(-2).
-4
Suppose 0 = -5*d + 10 + 5. Suppose -a - 3 = -w, 0 = 5*a - 10*a + 2*w. Suppose -d*v + 15 = a*v. Let g(p) = p**2 - p + 3. Calculate g(v).
9
Let j(a) = -a**3 + a - 3. Suppose 9 = -2*f + f + 3*d, -2*f + 17 = d. Let i be (3 - (-2 + f))*0. Calculate j(i).
-3
Let g(q) = -q**3 - 3*q**2 + 5*q - 2. Let n(z) = 15*z**3 + 2*z**2 - z. Let h be n(1). Suppose -5*d = -2*u + h, 5*d + 2*u + 22 + 2 = 0. Calculate g(d).
-6
Let t(w) = w**2 - w - 1. Let g = -18 - -11. Let l = g - -10. Determine t(l).
5
Let w(h) = -h**3 + 4*h**2 + h - 5. Let i be w(4). Suppose -3 - 1 = v. Let l = i - v. Let n(x) = -x**2 + x + 4. Give n(l).
-2
Let x(y) = y**3 - 7*y**2 + 6*y + 8. Suppose -4*k = -13 - 11. Calculate x(k).
8
Let x(l) = -l**2 + 7*l - 3. Let t be x(6). Let k(u) = -u**3 + 2*u**2 + u**t - u**3 + 7*u - 5. What is k(4)?
-9
Let h(u) = 7*u. Let r(c) = 5 - 3*c - 2*c**2 + 0 - 3*c. Let o be r(-5). Let d be (-10)/o + (-2)/(-6). Calculate h(d).
7
Suppose -7 + 0 = -a - 2*g, 3*a + 2*g - 13 = 0. Let l be -3 + a*10/3. Let v(b) = b - 1. Determine v(l).
6
Let d be 2/8 - (-47)/4. Let s = 13 - d. Let j(x) = -x + 1. Determine j(s).
0
Let d(o) = 1. Let f(v) = -v + 2. Let l(p) = 3*d(p) + f(p). What is l(-4)?
9
Let j(d) = d**2 + 10*d + 4. Let v(c) = -4*c + 23. Let w be v(8). What is j(w)?
-5
Let o(w) = w. Let b be o(3). Let z(f) = -b + 2*f + 0 + 4*f. What is z(2)?
9
Let o(a) = 3*a - 4. Let l(z) = -2*z**2 - 4*z + 2. Let c be l(0). Calculate o(c).
2
Let p(j) = j. Suppose h - 8 = 5*z - h, -4*z + 3*h = 12. What is p(z)?
0
Let s(q) = -q**2 - 7*q + 4. Suppose -2*n = -n + 3*x + 6, 2*n + 12 = 3*x. Give s(n).
10
Let g(n) be the first derivative of -n**3/3 - 2*n**2 + 2*n + 9. Give g(-5).
-3
Let d be 2/3 - (-2 + 56/21). Let j(m) = -m**3 - m**2 + m - 5. What is j(d)?
-5
Let m be 67/13 + 2/(-13). Suppose 10 = 5*k + m*f, 2*k - f = 2 - 4. Let l(x) be the first derivative of -x**4/4 - x**2/2 - 7*x + 1. Calculate l(k).
-7
Let q(f) = 6*f**3 - 2*f**2 + 1. Let w be q(1). Let n(r) = -r**3 + 4*r**2 - r + 7. Calculate n(w).
-23
Let l(r) = r**2 - 13*r - 19. Let f be l(14). Let k(t) = -2*t + 7. Give k(f).
17
Suppose 5*c + 14 = 2*b, -b = 2*c - 3*b + 8. Let v(d) = -d**3 - 4*d**2 - 3*d. What is v(c)?
-2
Let s(i) = 9*i - 8. Let l(o) = -2*o. Let z(g) = -3*l(g) - s(g). What is z(6)?
-10
Let g(y) be the second derivative of -y**4/12 + y**3/2 - 3*y - 3. What is g(3)?
0
Let b(v) = -2*v - 2. Suppose -3*w + 2 = -4. Let f be w + -11 + 1 - -2. Calculate b(f).
10
Let h(o) be the first derivative of -1/24*o**4 + 1/360*o**6 + 2/3*o**3 + 1 + 0*o**2 + 0*o + 1/120*o**5. Let x(p) be the third derivative of h(p). Give x(-1).
-1
Suppose -z = -3 + 1. Let a(x) = 1 + 0 + 6*x**z - 4*x + 3*x - x. Calculate a(1).
5
Let u(b) be the first derivative of -3*b**2/2 + 2. Let k be u(-1). Let s(z) = -z**2 + z + 4 + 0*z - z. Calculate s(k).
-5
Let k(o) = -4*o**2 - 12 - 3*o**2 - o - o**3 + 12*o**2 - 4*o**2. Let t be ((-1)/2*0)/2. Give k(t).
-12
Let o(n) = -n**3 + 7*n**2 - 6*n + 8. Let w be o(6). Suppose -3 = -w*h + 5*h - k, -4*h + 4*k + 20 = 0. Let r(x) = -6*x + 2. Determine r(h).
-10
Let b(a) = a**2 - 2*a + 3. Let n(g) = -23*g**3 - g**2 - g. Let p be n(-1). Suppose -w - 1 = -v, 4*w - p = -0*w - 5*v. Give b(w).
3
Let g(f) = -f + 1. Let c(h) = 7*h - 6. Let a(l) = -c(l) - 4*g(l). What is a(-3)?
11
Let q(y) = -2*y**2 + 4*y**2 - 4*y - 6*y - 11 - 3*y**2. Let o be q(-8). Suppose 5 = -o*r - 0. Let v(b) = -3*b**2 - b. What is v(r)?
-2
Let o(l) = -2*l - 1. Let n be o(2). Let f(k) = -7*k + 319 - 158 - 163 - k**2. Calculate f(n).
8
Let u(q) = -q**3 - 8*q**2 + 3*q + 2. Let x(z) = z**3 + z**2 + z - 1. Let v(r) = -u(r) - 2*x(r). Determine v(4).
12
Let j(b) = 2*b**2 + 6*b. Let i(x) = -x. Let l(d) = -5*i(d) - j(d). Suppose 0*c + 5*c - 10 = 0. Let a = -3 + c. Give l(a).
-1
Let h(a) be the third derivative of a**4/12 - a**3/6 - 8*a**2. What is h(-6)?
-13
Suppose 6 = 2*q + 4. Let z(n) = 16*n - 3. Let j(d) = 11*d - 2. Let x = 25 + -30. Let g(k) = x*z(k) + 7*j(k). Give g(q).
-2
Suppose -5*u + p - 2*p - 26 = 0, 3*u - 3*p = -12. Let a(m) = 2*m**3 - 2*m**2 - 3*m - 4. Let q(z) = z**3 - z**2 - z - 2. Let h(s) = u*q(s) + 2*a(s). Give h(0).
2
Let f(s) = -3*s - 5. Let r(y) = 3*y + 6. Let v(t) = 4*f(t) + 3*r(t). Give v(-5).
13
Let b be 78/(-104) - 19/(-4). Let n(k) = -8*k - 2. Let t(v) = v. Let c(a) = n(a) + 10*t(a). Calculate c(b).
6
Let a(l) = l**3 - 2*l**3 + l**3 - 1 - 3*l**2 - l + l**3. Determine a(3).
-4
Let z(c) = c**3 + 6*c**2 + 5*c + 3. Let y be ((-42)/(-9) - 3)*6. Suppose y = -2*g - 0*g. Determine z(g).
3
Let h(s) = s**3 + 5*s**2 - 4. Let n be (-2)/8 + 1/4. Let u be n - (-3 + 2 + -2). Suppose -u*t + t = 8. What is h(t)?
12
Let m be (3 + -1)/((-10)/(-20)). Let n(f) = -f**2 + 3*f + 1. What is n(m)?
-3
Let j be -15 + -1 - (0 + 1). Let w = -12 - j. Let z = 2 - w. Let f(c) = -c - 1. Calculate f(z).
2
Suppose -2*g = -5*m + 9, g = 3*g - 2*m. Let w(a) = 3*a + 1. Calculate w(g).
10
Let x(j) = 5*j**3 + 6*j**2 - 4*j - 7. Let n(d) = -10*d**3 - 13*d**2 + 9*d + 15. Let r(h) = 6*n(h) + 13*x(h). Determine r(1).
6
Sup